{"id":1920,"date":"2025-03-03T12:20:37","date_gmt":"2025-03-03T11:20:37","guid":{"rendered":"https:\/\/metrnametrkwadrat.pl\/?page_id=1920"},"modified":"2025-03-03T12:26:08","modified_gmt":"2025-03-03T11:26:08","slug":"informacja-rodo","status":"publish","type":"page","link":"https:\/\/metrnametrkwadrat.pl\/?page_id=1920","title":{"rendered":"Informacja RODO"},"content":{"rendered":"\t\t<div data-elementor-type=\"wp-page\" data-elementor-id=\"1920\" class=\"elementor elementor-1920\">\n\t\t\t\t<div class=\"elementor-element elementor-element-a292e0b e-flex e-con-boxed e-con e-parent\" data-id=\"a292e0b\" data-element_type=\"container\" data-settings=\"{&quot;background_background&quot;:&quot;classic&quot;}\">\n\t\t\t\t\t<div class=\"e-con-inner\">\n\t\t\t\t<div class=\"elementor-element elementor-element-8bb1994 elementor-widget-divider--view-line elementor-widget elementor-widget-divider\" data-id=\"8bb1994\" data-element_type=\"widget\" data-widget_type=\"divider.default\">\n\t\t\t\t<div class=\"elementor-widget-container\">\n\t\t\t\t\t\t\t<div class=\"elementor-divider\">\n\t\t\t<span class=\"elementor-divider-separator\">\n\t\t\t\t\t\t<\/span>\n\t\t<\/div>\n\t\t\t\t\t\t<\/div>\n\t\t\t\t<\/div>\n\t\t\t\t<div class=\"elementor-element elementor-element-d5be036 elementor-widget-divider--view-line elementor-widget elementor-widget-divider\" data-id=\"d5be036\" data-element_type=\"widget\" data-widget_type=\"divider.default\">\n\t\t\t\t<div class=\"elementor-widget-container\">\n\t\t\t\t\t\t\t<div class=\"elementor-divider\">\n\t\t\t<span class=\"elementor-divider-separator\">\n\t\t\t\t\t\t<\/span>\n\t\t<\/div>\n\t\t\t\t\t\t<\/div>\n\t\t\t\t<\/div>\n\t\t\t\t<div class=\"elementor-element elementor-element-74aa2d6 elementor-widget-divider--view-line elementor-widget elementor-widget-divider\" data-id=\"74aa2d6\" data-element_type=\"widget\" data-widget_type=\"divider.default\">\n\t\t\t\t<div class=\"elementor-widget-container\">\n\t\t\t\t\t\t\t<div class=\"elementor-divider\">\n\t\t\t<span class=\"elementor-divider-separator\">\n\t\t\t\t\t\t<\/span>\n\t\t<\/div>\n\t\t\t\t\t\t<\/div>\n\t\t\t\t<\/div>\n\t\t\t\t\t<\/div>\n\t\t\t\t<\/div>\n\t\t<div class=\"elementor-element elementor-element-b97ad9b e-flex e-con-boxed e-con e-parent\" data-id=\"b97ad9b\" data-element_type=\"container\" data-settings=\"{&quot;background_background&quot;:&quot;classic&quot;}\">\n\t\t\t\t\t<div class=\"e-con-inner\">\n\t\t\t\t<div class=\"elementor-element elementor-element-97acf8b elementor-widget elementor-widget-heading\" data-id=\"97acf8b\" data-element_type=\"widget\" data-widget_type=\"heading.default\">\n\t\t\t\t<div class=\"elementor-widget-container\">\n\t\t\t\t\t<h2 class=\"elementor-heading-title elementor-size-default\">Informacja rodo<\/h2>\t\t\t\t<\/div>\n\t\t\t\t<\/div>\n\t\t\t\t\t<\/div>\n\t\t\t\t<\/div>\n\t\t<div class=\"elementor-element elementor-element-f1e883d e-flex e-con-boxed e-con e-parent\" data-id=\"f1e883d\" data-element_type=\"container\" data-settings=\"{&quot;background_background&quot;:&quot;classic&quot;}\">\n\t\t\t\t\t<div class=\"e-con-inner\">\n\t\t\t\t<div class=\"elementor-element elementor-element-799b5ab elementor-widget elementor-widget-text-editor\" data-id=\"799b5ab\" data-element_type=\"widget\" data-widget_type=\"text-editor.default\">\n\t\t\t\t<div class=\"elementor-widget-container\">\n\t\t\t\t\t\t\t\t\t<p>Na podstawie art. 13 Rozporz\u0105dzenia Parlamentu Europejskiego i Rady (UE) 2016\/679 (RODO) informujemy, co nast\u0119puje:<\/p><p>Administrator Danych<\/p><p>Administratorem danych osobowych jest:<br \/>Metrnametrkwadrat<br \/>Kontakt: email \u2013 kontakt@metrnametrkwadrat.pl.<\/p><p>Cele Przetwarzania<\/p><p>Dane osobowe u\u017cytkownik\u00f3w s\u0105 przetwarzane w celu:<br \/>\u015awiadczenia us\u0142ug dost\u0119pnych w serwisie, w tym obs\u0142ugi zapyta\u0144 i subskrypcji,<br \/>Prowadzenia analiz i statystyk dotycz\u0105cych korzystania z serwisu,<br \/>Utrzymania i optymalizacji dzia\u0142ania strony.<br \/>Podstawa Prawna Przetwarzania<\/p><p>Dane s\u0105 przetwarzane na podstawie:<br \/>Zgody udzielonej przez u\u017cytkownika (art. 6 ust. 1 lit. a RODO),<br \/>Niezb\u0119dno\u015bci wykonania umowy lub podj\u0119cia dzia\u0142a\u0144 na \u017c\u0105danie u\u017cytkownika (art. 6 ust. 1 lit. b RODO),<br \/>Obowi\u0105zk\u00f3w prawnych ci\u0105\u017c\u0105cych na Administratorze (art. 6 ust. 1 lit. c RODO).<br \/>Zakres Przetwarzanych Danych<\/p><p>Dane zbierane dobrowolnie, takie jak: imi\u0119, nazwisko, adres e-mail, numer telefonu.<br \/>Dane techniczne zbierane automatycznie (adres IP, informacje o urz\u0105dzeniu, typ przegl\u0105darki).<br \/>Okres Przechowywania Danych<\/p><p>Dane b\u0119d\u0105 przechowywane przez okres niezb\u0119dny do realizacji cel\u00f3w przetwarzania lub zgodnie z wymogami prawa.<br \/>Prawa U\u017cytkownik\u00f3w<br \/>U\u017cytkownik ma prawo do:<\/p><p>Dost\u0119pu do swoich danych,<br \/>Sprostowania danych,<br \/>Usuni\u0119cia danych,<br \/>Ograniczenia przetwarzania,<br \/>Przenoszenia danych,<br \/>Wniesienia sprzeciwu wobec przetwarzania,<br \/>Cofni\u0119cia zgody w dowolnym momencie (wp\u0142yw cofni\u0119cia zgody na zgodno\u015b\u0107 z prawem przetwarzania danych przed jej cofni\u0119ciem pozostaje bez zmian).<br \/>Aby skorzysta\u0107 z tych praw, nale\u017cy kontaktowa\u0107 si\u0119 z Administratorem pod wskazanym adresem e-mail.<br \/>Przekazywanie Danych<\/p><p>Dane osobowe mog\u0105 by\u0107 przekazywane podmiotom wsp\u00f3\u0142pracuj\u0105cym z Administratorem w celu realizacji us\u0142ug serwisu.<br \/>Przekazywanie danych do pa\u0144stw trzecich nast\u0119puje zgodnie z obowi\u0105zuj\u0105cymi przepisami.<br \/>Pliki Cookies<\/p><p>Serwis wykorzystuje pliki cookies, kt\u00f3rych szczeg\u00f3\u0142owe informacje znajduj\u0105 si\u0119 w Polityce Prywatno\u015bci.<\/p>\t\t\t\t\t\t\t\t<\/div>\n\t\t\t\t<\/div>\n\t\t\t\t\t<\/div>\n\t\t\t\t<\/div>\n\t\t\t\t<\/div>\n\t\t","protected":false},"excerpt":{"rendered":"<p>Informacja rodo Na podstawie art. 13 Rozporz\u0105dzenia Parlamentu Europejskiego i Rady (UE) 2016\/679 (RODO) informujemy, co nast\u0119puje: Administrator Danych Administratorem danych osobowych jest:MetrnametrkwadratKontakt: email \u2013 kontakt@metrnametrkwadrat.pl. Cele Przetwarzania Dane osobowe u\u017cytkownik\u00f3w s\u0105 przetwarzane w celu:\u015awiadczenia us\u0142ug dost\u0119pnych w serwisie, w tym obs\u0142ugi zapyta\u0144 i subskrypcji,Prowadzenia analiz i statystyk dotycz\u0105cych korzystania z serwisu,Utrzymania i optymalizacji dzia\u0142ania&#8230;<\/p>\n","protected":false},"author":1,"featured_media":0,"parent":0,"menu_order":0,"comment_status":"closed","ping_status":"closed","template":"","meta":{"_kadence_starter_templates_imported_post":false,"_kad_post_transparent":"","_kad_post_title":"hide","_kad_post_layout":"fullwidth","_kad_post_sidebar_id":"","_kad_post_content_style":"unboxed","_kad_post_vertical_padding":"hide","_kad_post_feature":"hide","_kad_post_feature_position":"","_kad_post_header":false,"_kad_post_footer":false,"footnotes":""},"class_list":["post-1920","page","type-page","status-publish","hentry"],"_links":{"self":[{"href":"https:\/\/metrnametrkwadrat.pl\/index.php?rest_route=\/wp\/v2\/pages\/1920","targetHints":{"allow":["GET"]}}],"collection":[{"href":"https:\/\/metrnametrkwadrat.pl\/index.php?rest_route=\/wp\/v2\/pages"}],"about":[{"href":"https:\/\/metrnametrkwadrat.pl\/index.php?rest_route=\/wp\/v2\/types\/page"}],"author":[{"embeddable":true,"href":"https:\/\/metrnametrkwadrat.pl\/index.php?rest_route=\/wp\/v2\/users\/1"}],"replies":[{"embeddable":true,"href":"https:\/\/metrnametrkwadrat.pl\/index.php?rest_route=%2Fwp%2Fv2%2Fcomments&post=1920"}],"version-history":[{"count":5,"href":"https:\/\/metrnametrkwadrat.pl\/index.php?rest_route=\/wp\/v2\/pages\/1920\/revisions"}],"predecessor-version":[{"id":1925,"href":"https:\/\/metrnametrkwadrat.pl\/index.php?rest_route=\/wp\/v2\/pages\/1920\/revisions\/1925"}],"wp:attachment":[{"href":"https:\/\/metrnametrkwadrat.pl\/index.php?rest_route=%2Fwp%2Fv2%2Fmedia&parent=1920"}],"curies":[{"name":"wp","href":"https:\/\/api.w.org\/{rel}","templated":true}]}}