{"id":1914,"date":"2025-03-03T12:10:42","date_gmt":"2025-03-03T11:10:42","guid":{"rendered":"https:\/\/metrnametrkwadrat.pl\/?page_id=1914"},"modified":"2025-03-03T12:19:46","modified_gmt":"2025-03-03T11:19:46","slug":"elementor-1914","status":"publish","type":"page","link":"https:\/\/metrnametrkwadrat.pl\/?page_id=1914","title":{"rendered":"Regulamin"},"content":{"rendered":"\t\t<div data-elementor-type=\"wp-page\" data-elementor-id=\"1914\" class=\"elementor elementor-1914\">\n\t\t\t\t<div class=\"elementor-element elementor-element-4c87f4d e-flex e-con-boxed e-con e-parent\" data-id=\"4c87f4d\" data-element_type=\"container\" data-settings=\"{&quot;background_background&quot;:&quot;classic&quot;}\">\n\t\t\t\t\t<div class=\"e-con-inner\">\n\t\t\t\t<div class=\"elementor-element elementor-element-b7bae0b elementor-widget-divider--view-line elementor-widget elementor-widget-divider\" data-id=\"b7bae0b\" data-element_type=\"widget\" data-widget_type=\"divider.default\">\n\t\t\t\t<div class=\"elementor-widget-container\">\n\t\t\t\t\t\t\t<div class=\"elementor-divider\">\n\t\t\t<span class=\"elementor-divider-separator\">\n\t\t\t\t\t\t<\/span>\n\t\t<\/div>\n\t\t\t\t\t\t<\/div>\n\t\t\t\t<\/div>\n\t\t\t\t\t<\/div>\n\t\t\t\t<\/div>\n\t\t<div class=\"elementor-element elementor-element-72c092c e-flex e-con-boxed e-con e-parent\" data-id=\"72c092c\" data-element_type=\"container\" data-settings=\"{&quot;background_background&quot;:&quot;classic&quot;}\">\n\t\t\t\t\t<div class=\"e-con-inner\">\n\t\t\t\t<div class=\"elementor-element elementor-element-8dadc9d elementor-widget-divider--view-line elementor-widget elementor-widget-divider\" data-id=\"8dadc9d\" data-element_type=\"widget\" data-widget_type=\"divider.default\">\n\t\t\t\t<div class=\"elementor-widget-container\">\n\t\t\t\t\t\t\t<div class=\"elementor-divider\">\n\t\t\t<span class=\"elementor-divider-separator\">\n\t\t\t\t\t\t<\/span>\n\t\t<\/div>\n\t\t\t\t\t\t<\/div>\n\t\t\t\t<\/div>\n\t\t\t\t\t<\/div>\n\t\t\t\t<\/div>\n\t\t<div class=\"elementor-element elementor-element-bff8b8f e-flex e-con-boxed e-con e-parent\" data-id=\"bff8b8f\" data-element_type=\"container\" data-settings=\"{&quot;background_background&quot;:&quot;classic&quot;}\">\n\t\t\t\t\t<div class=\"e-con-inner\">\n\t\t\t\t<div class=\"elementor-element elementor-element-ea0bb33 elementor-widget-divider--view-line elementor-widget elementor-widget-divider\" data-id=\"ea0bb33\" data-element_type=\"widget\" data-widget_type=\"divider.default\">\n\t\t\t\t<div class=\"elementor-widget-container\">\n\t\t\t\t\t\t\t<div class=\"elementor-divider\">\n\t\t\t<span class=\"elementor-divider-separator\">\n\t\t\t\t\t\t<\/span>\n\t\t<\/div>\n\t\t\t\t\t\t<\/div>\n\t\t\t\t<\/div>\n\t\t\t\t\t<\/div>\n\t\t\t\t<\/div>\n\t\t<div class=\"elementor-element elementor-element-beca1b6 e-flex e-con-boxed e-con e-parent\" data-id=\"beca1b6\" data-element_type=\"container\" data-settings=\"{&quot;background_background&quot;:&quot;classic&quot;}\">\n\t\t\t\t\t<div class=\"e-con-inner\">\n\t\t\t\t<div class=\"elementor-element elementor-element-5d1e586 elementor-widget elementor-widget-heading\" data-id=\"5d1e586\" data-element_type=\"widget\" data-widget_type=\"heading.default\">\n\t\t\t\t<div class=\"elementor-widget-container\">\n\t\t\t\t\t<h2 class=\"elementor-heading-title elementor-size-default\">Regulamin<\/h2>\t\t\t\t<\/div>\n\t\t\t\t<\/div>\n\t\t\t\t\t<\/div>\n\t\t\t\t<\/div>\n\t\t<div class=\"elementor-element elementor-element-9d26df1 e-flex e-con-boxed e-con e-parent\" data-id=\"9d26df1\" data-element_type=\"container\" data-settings=\"{&quot;background_background&quot;:&quot;classic&quot;}\">\n\t\t\t\t\t<div class=\"e-con-inner\">\n\t\t\t\t<div class=\"elementor-element elementor-element-96bfa79 elementor-widget elementor-widget-text-editor\" data-id=\"96bfa79\" data-element_type=\"widget\" data-widget_type=\"text-editor.default\">\n\t\t\t\t<div class=\"elementor-widget-container\">\n\t\t\t\t\t\t\t\t\t<p>Postanowienia Og\u00f3lne<br \/>1.1. Niniejszy regulamin okre\u015bla zasady korzystania z serwisu metrnametrkwadrat.pl.<br \/>1.2. Korzystanie z serwisu oznacza akceptacj\u0119 niniejszego regulaminu.<br \/>1.3. W\u0142a\u015bcicielem serwisu jest:<br \/>Metrnametrkwadrat.<br \/>1.4. Serwis dedykowany jest architekturze wn\u0119trz, architekturze budowlanej<br \/>Dost\u0119pno\u015b\u0107 i Utrzymanie Serwisu<br \/>2.1. Serwis dost\u0119pny jest 24 godziny na dob\u0119, 7 dni w tygodniu, z wyj\u0105tkiem sytuacji awaryjnych lub zaplanowanych prac konserwacyjnych.<br \/>2.2. Administrator zastrzega sobie prawo do czasowego wy\u0142\u0105czenia serwisu lub niekt\u00f3rych jego funkcjonalno\u015bci, o czym u\u017cytkownicy zostan\u0105 poinformowani z wyprzedzeniem, o ile to mo\u017cliwe.<\/p><p>Warunki Korzystania z Serwisu<br \/>3.1. U\u017cytkownik zobowi\u0105zuje si\u0119 do korzystania z serwisu zgodnie z obowi\u0105zuj\u0105cymi przepisami prawa oraz zasadami wsp\u00f3\u0142\u017cycia spo\u0142ecznego.<br \/>3.2. Zabrania si\u0119 korzystania z serwisu w celach sprzecznych z prawem, w tym:<br \/>&#8211; Rozpowszechniania tre\u015bci o charakterze rasistowskim, pornograficznym, nawo\u0142uj\u0105cych do nienawi\u015bci lub naruszaj\u0105cych dobra osobiste innych os\u00f3b,<br \/>&#8211; Dzia\u0142alno\u015bci naruszaj\u0105cej prawa autorskie i w\u0142asno\u015b\u0107 intelektualn\u0105.<br \/>3.3. U\u017cytkownik zobowi\u0105zuje si\u0119 do niepodejmowania dzia\u0142a\u0144 mog\u0105cych zak\u0142\u00f3ci\u0107 dzia\u0142anie serwisu lub wp\u0142ywaj\u0105cych negatywnie na jego bezpiecze\u0144stwo.<\/p><p>Prawa Autorskie i W\u0142asno\u015b\u0107 Intelektualna<br \/>4.1. Wszystkie tre\u015bci zamieszczone w serwisie \u2013 teksty, grafiki, logotypy, materia\u0142y multimedialne \u2013 stanowi\u0105 w\u0142asno\u015b\u0107 Metrnametrkwadrat lub s\u0105 wykorzystywane na podstawie stosownych licencji.<br \/>4.2. Kopiowanie, rozpowszechnianie lub wykorzystywanie materia\u0142\u00f3w bez uprzedniej zgody w\u0142a\u015bciciela jest zabronione.<\/p><p>Ograniczenie Odpowiedzialno\u015bci<br \/>5.1. Administrator dok\u0142ada wszelkich stara\u0144, aby serwis funkcjonowa\u0142 bez zak\u0142\u00f3ce\u0144, jednak nie gwarantuje ci\u0105g\u0142o\u015bci dost\u0119pu ani bezb\u0142\u0119dnego dzia\u0142ania.<br \/>5.2. W przypadku b\u0142\u0119d\u00f3w w tre\u015bciach serwisu lub niedok\u0142adno\u015bci informacji odpowiedzialno\u015b\u0107 Administratora jest ograniczona do stopnia okre\u015blonego obowi\u0105zuj\u0105cymi przepisami prawa.<br \/>5.3. Administrator nie ponosi odpowiedzialno\u015bci za szkody, w tym szkody po\u015brednie, wynikaj\u0105ce z korzystania z serwisu.<\/p><p>Dane Osobowe<br \/>6.1. Przetwarzanie danych osobowych odbywa si\u0119 zgodnie z postanowieniami Polityki Prywatno\u015bci oraz Informacji RODO.<br \/>6.2. Korzystaj\u0105c z serwisu, u\u017cytkownik wyra\u017ca zgod\u0119 na przetwarzanie swoich danych osobowych w celach zwi\u0105zanych z funkcjonowaniem serwisu.<\/p><p>Zmiany Regulaminu<br \/>7.1. Administrator zastrzega sobie prawo do wprowadzania zmian w niniejszym regulaminie.<br \/>7.2. O wszelkich zmianach u\u017cytkownicy b\u0119d\u0105 informowani poprzez publikacj\u0119 zaktualizowanej wersji regulaminu na stronie serwisu.<br \/>7.3. Regulamin wchodzi w \u017cycie z dniem 01\/03\/25 i obowi\u0105zuje wszystkich u\u017cytkownik\u00f3w serwisu.<\/p><p>Postanowienia Ko\u0144cowe<br \/>8.1. W sprawach nieuregulowanych niniejszym regulaminem zastosowanie maj\u0105 przepisy prawa polskiego.<br \/>8.2. Korzystanie z serwisu jest jednoznaczne z akceptacj\u0105 powy\u017cszych postanowie\u0144.<\/p>\t\t\t\t\t\t\t\t<\/div>\n\t\t\t\t<\/div>\n\t\t\t\t\t<\/div>\n\t\t\t\t<\/div>\n\t\t\t\t<\/div>\n\t\t","protected":false},"excerpt":{"rendered":"<p>Regulamin Postanowienia Og\u00f3lne1.1. Niniejszy regulamin okre\u015bla zasady korzystania z serwisu metrnametrkwadrat.pl.1.2. Korzystanie z serwisu oznacza akceptacj\u0119 niniejszego regulaminu.1.3. W\u0142a\u015bcicielem serwisu jest:Metrnametrkwadrat.1.4. Serwis dedykowany jest architekturze wn\u0119trz, architekturze budowlanejDost\u0119pno\u015b\u0107 i Utrzymanie Serwisu2.1. Serwis dost\u0119pny jest 24 godziny na dob\u0119, 7 dni w tygodniu, z wyj\u0105tkiem sytuacji awaryjnych lub zaplanowanych prac konserwacyjnych.2.2. Administrator zastrzega sobie prawo do&#8230;<\/p>\n","protected":false},"author":1,"featured_media":0,"parent":0,"menu_order":0,"comment_status":"closed","ping_status":"closed","template":"","meta":{"_kadence_starter_templates_imported_post":false,"_kad_post_transparent":"","_kad_post_title":"hide","_kad_post_layout":"fullwidth","_kad_post_sidebar_id":"","_kad_post_content_style":"unboxed","_kad_post_vertical_padding":"hide","_kad_post_feature":"hide","_kad_post_feature_position":"","_kad_post_header":false,"_kad_post_footer":false,"footnotes":""},"class_list":["post-1914","page","type-page","status-publish","hentry"],"_links":{"self":[{"href":"https:\/\/metrnametrkwadrat.pl\/index.php?rest_route=\/wp\/v2\/pages\/1914","targetHints":{"allow":["GET"]}}],"collection":[{"href":"https:\/\/metrnametrkwadrat.pl\/index.php?rest_route=\/wp\/v2\/pages"}],"about":[{"href":"https:\/\/metrnametrkwadrat.pl\/index.php?rest_route=\/wp\/v2\/types\/page"}],"author":[{"embeddable":true,"href":"https:\/\/metrnametrkwadrat.pl\/index.php?rest_route=\/wp\/v2\/users\/1"}],"replies":[{"embeddable":true,"href":"https:\/\/metrnametrkwadrat.pl\/index.php?rest_route=%2Fwp%2Fv2%2Fcomments&post=1914"}],"version-history":[{"count":5,"href":"https:\/\/metrnametrkwadrat.pl\/index.php?rest_route=\/wp\/v2\/pages\/1914\/revisions"}],"predecessor-version":[{"id":1919,"href":"https:\/\/metrnametrkwadrat.pl\/index.php?rest_route=\/wp\/v2\/pages\/1914\/revisions\/1919"}],"wp:attachment":[{"href":"https:\/\/metrnametrkwadrat.pl\/index.php?rest_route=%2Fwp%2Fv2%2Fmedia&parent=1914"}],"curies":[{"name":"wp","href":"https:\/\/api.w.org\/{rel}","templated":true}]}}